i and m.
24
Let k(y) = -3*y**3 + 3*y**2 + 4*y + 4. Let s be k(-4). Let z = s - 76. Calculate the greatest common factor of z and 19.
19
Let o(n) = -n**3 + 28*n**2 - 34*n - 50. Let p be o(25). Calculate the greatest common factor of p and 39.
39
Let l be (-2)/(-6)*-1 + (-312)/(-72). Let w be (l/(-2) - -1)/(4/(-84)). Let q = 289 + -100. Calculate the greatest common divisor of q and w.
21
Suppose 54 + 2 = 4*h. Suppose 15*l + 224 - 1064 = 0. What is the greatest common factor of l and h?
14
Suppose 2*q - 49 = -5*x - q, 4*x = 4*q + 20. Let u(v) = v**3 + 20*v**2 + 15*v - 12. Let m be u(-19). What is the greatest common divisor of m and x?
8
Suppose -519 + 213 = 3*h. Let w = 47 + h. Let x be w*-1*(2 - 0). Calculate the highest common factor of x and 10.
10
Let w be (3 - -21)*((-21)/(-2))/3. Suppose 0 = -5*q + 22 + 13. Suppose -q*f + w = -3*f. Calculate the greatest common divisor of 3 and f.
3
Suppose -5*l + 12*g + 88 = 10*g, 4*l = -5*g + 44. Let w = 7 - -1. Suppose w = -0*s + s. What is the highest common factor of s and l?
8
Let b = -21 - -156. Suppose -8*r = -b - 665. Calculate the highest common divisor of r and 20.
20
Suppose 14*t - 9*t - 20 = 0. Suppose -2*s + 48 = l - 2*l, 92 = 4*s - t*l. What is the highest common divisor of s and 5?
5
Suppose -o = -5*i + 1259 - 484, -149 = -i - o. Let s be (-1)/(-2) + i/4 + 3. Calculate the highest common factor of s and 14.
14
Let d be (7 - 4) + 1*415. Let i = d + -254. What is the highest common factor of i and 41?
41
Let z be (5/1 - 2)*112/12. What is the highest common divisor of 308 and z?
28
Suppose h - 18 = 3*y, -4*h - 5*y + 123 = -0*y. What is the highest common factor of 621 and h?
27
Suppose 4*g + 4*t = 164, -t = -1 - 0. What is the greatest common divisor of g and 16?
8
Suppose 0 = -6*z + 5241 - 4761. Calculate the highest common divisor of 112 and z.
16
Suppose -2*v - 7 = 1. Let r(u) = 3*u + 6. Let p be r(v). Let z be 2*-5*9/p. What is the greatest common factor of 5 and z?
5
Let u(h) = -7*h - 2*h - 1 - 8*h. Let z be u(-2). Let o = z - 23. Calculate the highest common factor of 5 and o.
5
Suppose 0 = l + 4*u - 166, 0 = -l + 4*u + 76 + 82. What is the highest common divisor of l and 2187?
81
Let p = 31 - 4. Let l be ((-3)/(-9))/(9/405). Let n = p - l. Calculate the greatest common divisor of 48 and n.
12
Let x(w) = -58*w + 686. Let s be x(7). Suppose 3*c - 5*c = -112. Calculate the greatest common factor of c and s.
56
Let h = -14 - -29. What is the greatest common divisor of 105 and h?
15
Suppose 0 = j - 12 + 1. Let q = -63 + 448. Suppose -r = -6*r + q. What is the greatest common factor of r and j?
11
Let t(k) = -76*k - 3. Let m(j) = j**3 + 7*j**2 - 4*j - 1. Let n be m(-4). Let s be n/14*4/(-6). Let l be t(s). Calculate the highest common factor of 25 and l.
25
Let f = -75 + 28. Let a be (-1)/(4 + 39/(-10)). Let z be f/(-5) + (-6)/a. What is the highest common factor of z and 110?
10
Let c be 7 - ((-13906)/289 - (-2)/17). What is the highest common factor of 121 and c?
11
Suppose 148*c - 65*c = 70*c + 728. Let r(z) = -14*z. Let y be r(-1). What is the greatest common factor of c and y?
14
Let n(l) = 2*l + 5. Let b(a) = -a**2 + 4*a + 3. Let t be b(4). Let o be n(t). Let p be (6/9)/(6/99). What is the greatest common factor of p and o?
11
Let r be (-5)/(10/(-24)) + 1. Let k = r + 5. Let c be (2 - -1)/(k/588). What is the greatest common factor of 14 and c?
14
Suppose -622 = -18*n - 154. What is the highest common divisor of 416 and n?
26
Suppose 17*y = 2946 + 63. Calculate the greatest common divisor of y and 295.
59
Let i be (-58)/(-18) - 2/9. Let r(m) be the second derivative of m**5/5 - m**4/12 - m**2/2 - 2*m. Let v be r(2). What is the highest common factor of i and v?
3
Let a(u) = u**3 + 6*u**2 - 12*u - 15. Let g be a(-8). Let z = g - -48. Let v(y) = -2*y + 2. Let m be v(-4). What is the greatest common divisor of z and m?
1
Let m(t) be the third derivative of 0 + t**2 + 0*t + 7/12*t**4 - 1/3*t**3. Let y be m(1). Calculate the highest common divisor of 60 and y.
12
Suppose -7690 = -47*l + 4530. What is the greatest common factor of 50 and l?
10
Suppose -h + 4 = 1, 4*o = 4*h + 68. Suppose -12*y + 210 = -5*y. Calculate the highest common divisor of o and y.
10
Let f be (-4)/(-14) + 8 + (-1736)/(-98). What is the highest common factor of 416 and f?
26
Let q(r) be the third derivative of r**5/60 - 5*r**4/24 + 2*r**3/3 + 12*r**2. Let p be q(6). What is the greatest common factor of 10 and p?
10
Let y(m) = 4*m**3 + m**3 - m**3 + 1 - 2*m**2. Let n be y(1). Let u be n/((-386)/196 + 2). What is the greatest common divisor of 14 and u?
14
Let r = 49 + 80. Suppose 8*k = 2*k + 258. Calculate the highest common factor of r and k.
43
Let v(l) = l**3 + 10*l**2 - 16*l - 11. Let a be v(-11). Let p be (-8)/(-12)*6 + 18. Calculate the highest common factor of a and p.
22
Let z = -125 + 175. What is the highest common factor of 250 and z?
50
Let w(k) = 2*k**2 + 10*k - 46. Let c be w(-10). What is the greatest common factor of 6 and c?
6
Suppose -5*k + 29*c - 27*c + 263 = 0, 0 = -k - 4*c + 35. Calculate the highest common factor of k and 68.
17
Let b be (4/(-3)*1)/((-2)/3). Let r = -11 - -25. Let z = r - b. Calculate the highest common divisor of z and 4.
4
Suppose 79 = -3*x + 205. Let h = -68 - -102. Suppose 3*f = h + 8. Calculate the greatest common divisor of f and x.
14
Suppose -3*v = -3*f - 7 - 2, -4*v = -2*f - 14. Suppose v + 4 = 4*h. Calculate the highest common factor of h and 2.
2
Suppose -4*s = -6*s + s. Suppose -d + 11 + 29 = s. What is the greatest common divisor of 100 and d?
20
Let o be 5/(-3*4/60). Let r be (4 - (-90)/o)*20. What is the greatest common divisor of 72 and r?
8
Suppose -120 = f - 5*f. Suppose -5*k + 65 = 3*h - 2*h, 0 = 4*k + 4*h - 68. Calculate the highest common divisor of k and f.
6
Let s be (-227)/(-12) - 9/(-108). Calculate the highest common factor of s and 57.
19
Let z(j) = j + 26. Let u be z(-24). Suppose -u*y + 104 = 2*y. What is the greatest common factor of y and 65?
13
Suppose 9*c - 32 = 4. Suppose v - c = 4. What is the highest common factor of 8 and v?
8
Suppose 5*t - 192 = -2*g, -18*t + 326 = 3*g - 20*t. Calculate the highest common factor of g and 2438.
106
Let f(l) = -10*l + 80. Let o be f(7). Calculate the highest common factor of 170 and o.
10
Let f(o) = o**2 - o - 3. Let c(w) = w**3 + w**2 - 2*w. Let h be c(-2). Let a be (1*-3)/(h + 1). Let m be f(a). Calculate the greatest common factor of 63 and m.
9
Suppose 5*h = -3*c + 472, 90 = c - 5*h - 54. Calculate the highest common factor of c and 88.
22
Let b be 1814/(-4)*6/(-3). Let f = b - 445. Calculate the highest common factor of 42 and f.
42
Let c be (-3 - (3 - 5))*-22. What is the greatest common factor of 286 and c?
22
Let a = 534 + -359. Let t = 422 - 352. What is the greatest common factor of t and a?
35
Suppose 308*q - 311*q + 816 = 0. Calculate the greatest common divisor of q and 34.
34
Let j(a) = -a + 10. Let v be j(0). Suppose 14 = 4*b + 6. Let h(f) = 24*f + 2. Let x be h(b). Calculate the highest common divisor of x and v.
10
Let u(q) = 2*q**3 - 4*q**2 + 5*q - 6. Let t be u(3). Suppose -5*g = -127 + t. What is the greatest common divisor of 8 and g?
4
Let a(p) = -p**3 - 7*p**2 - 10*p - 7. Let d be a(-6). Suppose -n = 3*m - 35, -m + 2*n + d = n. Calculate the highest common factor of m and 52.
13
Suppose -11*u - 40 + 128 = 0. What is the highest common divisor of u and 1040?
8
Suppose -4*a + 166 = 4*t - 2*a, 5*t + 3*a = 209. Let d = -510 + 518. Calculate the greatest common factor of d and t.
8
Let k(y) = -10*y**2 + 81*y + 14. Let t be k(8). Suppose n = 5*n - 616. What is the highest common factor of n and t?
22
Let w = 108 + -52. What is the highest common factor of 8 and w?
8
Let v = 25 - 0. Let r = -736 - -741. What is the greatest common divisor of v and r?
5
Let a(c) = 3*c + 10. Let s be a(3). Let o = -3 + s. Calculate the highest common divisor of 24 and o.
8
Let o = 0 - -10. Suppose -3*k - k = -4*g + 272, g + 3*k - 76 = 0. What is the greatest common factor of g and o?
10
Suppose 0 = 2*y + 5*s - 93, 3*y - 33*s - 133 = -34*s. Let d = 183 + -117. Calculate the greatest common divisor of d and y.
22
Suppose 3*u - 70 - 59 = 0. Suppose v - u - 21 = 0. What is the greatest common divisor of 96 and v?